t is the highest common factor of d and l?
23
Let i = -317 - -798. Let j = i - 336. What is the greatest common factor of 87 and j?
29
Suppose -37*u - 40*u = -74*u - 6075. What is the greatest common factor of 10 and u?
5
Let d(b) = -17*b**3 + 2*b**2 - 1. Let q be d(-1). Suppose 210 = 5*k + 5*f, -25*k + 84 = -23*k - f. Calculate the highest common divisor of k and q.
6
Suppose 57*j - 9*j - 20832 = 0. Calculate the greatest common factor of 992 and j.
62
Let s(q) = 8*q**2 + 6*q - 15. Let k be s(2). What is the greatest common divisor of 2030 and k?
29
Let v = 2003 + -1967. What is the highest common divisor of v and 11?
1
Let u = -28346 - -28712. Calculate the greatest common divisor of 1952 and u.
122
Suppose 0 = -503*s + 497*s + 24. Suppose b - 27 = 5*l, 5*b + s*l - 106 = -0*l. Calculate the highest common divisor of 704 and b.
22
Let p(x) = 2*x**2 + x - 216. Let m be p(15). Let k = 475 + -143. Calculate the highest common factor of m and k.
83
Let d be 14/21 - 16/(-3). Suppose 4*t = 2*o - 36, 3*o + 5*t = d*o - 51. Suppose -446 - 274 = -60*n. Calculate the highest common divisor of o and n.
12
Let u(j) = j**3 + 6*j**2 + 52. Let w be u(-7). Suppose -5*g = -w*t - 30, t + 6 = -2*g + 3*g. What is the greatest common divisor of 16 and g?
2
Suppose 2*s = -2*k + 26, 2*k = 5*s - 18 + 72. Suppose -x = 129 - 24. Let q = 139 + x. What is the highest common factor of q and k?
17
Let d = 53 + -31. Let g(q) = q**2 - 6*q - 5. Let j be g(3). Let z be 63/(-147) + (-160)/j. Calculate the greatest common divisor of d and z.
11
Let i be ((-32)/(-6))/(-6 + 1 + (-32)/(-6)). Calculate the greatest common factor of 1622 and i.
2
Suppose -2112 = -4*z + 4*p, -71*z = -69*z - 4*p - 1072. Calculate the greatest common factor of z and 4355.
65
Let v be ((-21)/2)/((-2)/4). Let c = 16321 - 16312. What is the greatest common factor of c and v?
3
Let q = -1513 - -1531. Let y = 291 - 57. What is the greatest common divisor of q and y?
18
Suppose 14*a + 4*k + 3254 = 15*a, 4*a = -5*k + 13079. What is the greatest common factor of a and 46?
46
Suppose 10*v - 202 - 278 = 0. What is the greatest common divisor of 1968 and v?
48
Suppose -7*d = 7046 - 7081. Let t = 20 - 0. Calculate the greatest common divisor of t and d.
5
Suppose -4 = -3*s - q + 9, 4*s - 19 = -3*q. Suppose -4*a - 136 = -4*h, s*h + 2*a - 142 = -h. Calculate the highest common divisor of h and 105.
15
Suppose 5*g = 29*d - 26*d + 196, -82 = -2*g + 3*d. Suppose 0 = -2*y - 3*j + 88, -46 = y - 2*y - 2*j. What is the highest common divisor of g and y?
38
Let y be -5 - -2 - 0 - -1 - -468. Let z = 994 - y. Calculate the highest common factor of 48 and z.
48
Suppose 3*m - 4*z = 20, 5*z + 11 = 2*m - 0*z. Suppose 269 = m*u - 179. What is the greatest common factor of 16 and u?
8
Suppose -23*y + 13978 = 6*y. Suppose 6*k - 1166 + y = 0. Calculate the highest common factor of 19 and k.
19
Let u = -1867 + 1151. Let f = u + 791. Calculate the greatest common divisor of 1200 and f.
75
Suppose -174 = -2*j + i, -6 = 16*i - 15*i. What is the greatest common divisor of 336 and j?
84
Suppose -2045 = 76*m - 4249. Calculate the highest common divisor of 841 and m.
29
Suppose -2*k = -n - 105, -4*k + n + 209 = -2*n. Let x = k - 9. Suppose -23*j = -22*j - x. What is the greatest common factor of 352 and j?
44
Let r = 0 + 14. Let t(l) = 1230*l**2 - 123*l - 1. Let z be t(1). Calculate the highest common factor of z and r.
14
Suppose -7*u - 18 + 837 = 0. Suppose -4*f = -0*f + f. Suppose -4*k + k = n - 69, 2*n + 4*k - 144 = f. Calculate the highest common divisor of n and u.
39
Let b = -8440 - -9420. What is the highest common divisor of b and 8?
4
Let p = -17 - 115. Let a be p/14*7/(-1). Suppose 0 = -j - 13 + 19. What is the greatest common divisor of a and j?
6
Suppose 0 = -4*k + 4*r + 44, -5*k + 3*r + 19 = -42. What is the highest common factor of k and 2289?
7
Suppose 4*b + 11 = 63. Suppose 23*x - b*x = 1470. Calculate the greatest common factor of 63 and x.
21
Suppose o = -0*o - 5*m + 1018, -2*o - 3*m + 2022 = 0. Suppose 16*j - 30*j = -o. What is the highest common divisor of j and 16?
8
Let r(j) = -j**2 + 30*j + 13. Let y be r(13). Calculate the greatest common factor of y and 1209.
39
Let i(d) = 3*d**2 + 46*d + 457. Let y be i(-9). Calculate the greatest common factor of y and 22594.
286
Suppose 216*b - 3*h - 486 = 215*b, -12 = 2*h. What is the highest common divisor of 10062 and b?
234
Let m(i) = -5*i. Let k be m(-1). Suppose -x + 2*z = -12, 3*x - 34 + 0 = k*z. What is the greatest common divisor of x and 120?
8
Let y(u) = -103*u**3 + 5*u**2 + 234*u + 949. Let j be y(-4). Calculate the highest common divisor of 35 and j.
35
Suppose -2 = 2*a - 4. Suppose 4*s - 39 + 27 = 0. Suppose -x = s*x - 20. What is the highest common divisor of a and x?
1
Let q(a) = a**3 - 25*a**2 - 441*a - 51. Let w be q(37). What is the highest common factor of 390 and w?
30
Let y = 3 + 77. Let g(j) = 44*j + 80 + 52*j + 42*j - 123*j. Let f be g(-4). Calculate the greatest common divisor of y and f.
20
Let u be (-2*4)/((2184/(-16))/(-21) + -7). What is the greatest common factor of u and 5752?
8
Suppose -2*p + 3*a = 3, 4*p = 5*p - 5*a + 12. Suppose -3*k = -2*k - p. Calculate the greatest common divisor of 9 and k.
3
Suppose -421*j = -415*j - 1500. Calculate the highest common factor of j and 125.
125
Let c(r) = 16*r**2 - 7*r + 9. Let w be c(2). Suppose 2*i + v - 648 = 0, 3*v - w = 4*i - 1345. What is the greatest common factor of 17 and i?
17
Let b = 6 + -5. Let x be (1 - b) + (7 - -125). Suppose 18*k + 12*k + 168 = 37*k. What is the highest common divisor of k and x?
12
Suppose -4*w = -w - 27. Let f(j) = -409*j + 82025. Let i be f(200). What is the highest common factor of i and w?
9
Let u be (-45)/(((-60)/(-93))/(-20)). What is the greatest common divisor of u and 1305?
45
Let t = -1543 - -823. Let d be 11/4*3*t/(-54). What is the greatest common factor of d and 935?
55
Suppose 0 = 5*d + o + o - 5514, 4*d - 5*o - 4431 = 0. What is the greatest common divisor of d and 1296?
48
Let t(o) = 8*o - 10*o + 10*o**3 - 11*o**3 - 25*o - 28*o**2 + 40. Let m be t(-27). What is the highest common divisor of 620 and m?
20
Let y be 2/(16/72 - 2/(-18)). Let i(t) = 12*t**2 - t - 1. Let c be i(y). Let k = 740 - c. What is the greatest common divisor of k and 45?
45
Let t be ((-1080)/(-33) - (-102)/374) + 12/(-2). Suppose -7*k = -2*k - 4455. Calculate the highest common factor of k and t.
27
Suppose -2*j + 2*d = 1337 - 1375, 5*j = -5*d - 45. Suppose 0 = -2*i + 162 + 248. What is the highest common factor of i and j?
5
Let r = -1030 - -1038. Suppose 4 = 5*t - 3*t. Let k(b) = 10*b**3 - 2*b**2 + b - 2. Let i be k(t). Calculate the highest common divisor of i and r.
8
Let t = 23287 - 23254. Suppose 12 = -4*r, -5*m - 2*r + 24 = -0*r. Suppose -11 = 3*b + 4*p, 2*b - 2*p - 22 = -m. What is the greatest common factor of t and b?
3
Let s(j) = 1. Let u(k) = 4*k + 3. Let b(g) = 4*s(g) + u(g). Let i be b(-3). Let f be 27/((-5)/i) + -1. Calculate the greatest common factor of 2 and f.
2
Let n(f) = -f**3 - 10*f**2 + 16*f + 32. Let p be n(-15). Suppose -y - 4*o + 439 = 0, -3*y + 5*y - p = 5*o. Calculate the highest common divisor of 41 and y.
41
Suppose -3*h = 15, 0 + 28 = 2*m - 4*h. Calculate the greatest common divisor of m and 1108.
4
Let d be (-976)/(-14) + (-6)/(-21). Let f = 2 + d. What is the greatest common divisor of f and 8?
8
Suppose -4*z + 3*q = -12530, 0*q = -2*z + 5*q + 6272. Calculate the greatest common factor of 101 and z.
101
Let k(j) = 22*j**2 + 0*j + 34 + j - 35. Let b be k(1). Suppose -4 = 3*o + 2*m, -4 = -4*o - 3*m - 11. What is the greatest common factor of b and o?
2
Let u be 25/6 - ((-65)/(-30) - 2). Suppose -y + u*a + 31 = -8, 0 = y + 3*a - 53. Let v = y - 26. Calculate the greatest common factor of 3 and v.
3
Let p(g) = -g + 3*g + 6 - 5*g + 2*g**2 + g. Suppose -n - 24 = -9*n. Let t be p(n). Calculate the highest common factor of 162 and t.
18
Suppose 117 = 9*m + 36*m - 153. Calculate the highest common divisor of 16314 and m.
6
Let p(m) = -154*m - 3. Let n be p(-2). Suppose 132*x = 3*h + 128*x - 386, 5*x = -4*h + 463. What is the highest common divisor of n and h?
61
Let n(b) = 9*b + 636. Let q be n(-46). What is the greatest common factor of q and 370?
74
Let o be 34/